{"id":127,"date":"2025-08-29T19:11:24","date_gmt":"2025-08-29T19:11:24","guid":{"rendered":"https:\/\/post-croissance.com\/?page_id=127"},"modified":"2025-09-11T13:26:48","modified_gmt":"2025-09-11T13:26:48","slug":"ressources","status":"publish","type":"page","link":"https:\/\/post-croissance.com\/index.php\/ressources\/","title":{"rendered":"Ressources"},"content":{"rendered":"\t\t<div data-elementor-type=\"wp-page\" data-elementor-id=\"127\" class=\"elementor elementor-127\" data-elementor-post-type=\"page\">\n\t\t\t\t<div class=\"elementor-element elementor-element-5681fdb e-flex e-con-boxed wpr-particle-no wpr-jarallax-no wpr-parallax-no wpr-sticky-section-no e-con e-parent\" data-id=\"5681fdb\" data-element_type=\"container\" data-e-type=\"container\">\n\t\t\t\t\t<div class=\"e-con-inner\">\n\t\t<div class=\"elementor-element elementor-element-b853936 e-con-full e-flex wpr-particle-no wpr-jarallax-no wpr-parallax-no wpr-sticky-section-no e-con e-child\" data-id=\"b853936\" data-element_type=\"container\" data-e-type=\"container\">\n\t\t\t\t<div class=\"elementor-element elementor-element-fb1ad76 elementor-widget elementor-widget-heading\" data-id=\"fb1ad76\" data-element_type=\"widget\" data-e-type=\"widget\" data-widget_type=\"heading.default\">\n\t\t\t\t<div class=\"elementor-widget-container\">\n\t\t\t\t\t<h2 class=\"elementor-heading-title elementor-size-default\">Articles et ouvrages<\/h2>\t\t\t\t<\/div>\n\t\t\t\t<\/div>\n\t\t\t\t<\/div>\n\t\t<div class=\"elementor-element elementor-element-737de39 e-con-full e-flex wpr-particle-no wpr-jarallax-no wpr-parallax-no wpr-sticky-section-no e-con e-child\" data-id=\"737de39\" data-element_type=\"container\" data-e-type=\"container\">\n\t\t\t\t<\/div>\n\t\t<div class=\"elementor-element elementor-element-618c3a8 e-con-full e-flex wpr-particle-no wpr-jarallax-no wpr-parallax-no wpr-sticky-section-no e-con e-child\" data-id=\"618c3a8\" data-element_type=\"container\" data-e-type=\"container\">\n\t\t\t\t<div class=\"elementor-element elementor-element-43083be elementor-widget elementor-widget-text-editor\" data-id=\"43083be\" data-element_type=\"widget\" data-e-type=\"widget\" data-widget_type=\"text-editor.default\">\n\t\t\t\t<div class=\"elementor-widget-container\">\n\t\t\t\t\t\t\t\t\t<div tabindex=\"0\">\u00a0<\/div>\n<div tabindex=\"0\">\n<div class=\"gs_citr\" tabindex=\"0\">Arturo, E. (2018). <em>Sentir-penser avec la terre<\/em>. L\u2019\u00e9cologie au-del\u00e0 de l\u2019Occident, Paris, \u00c9ditions du Seuil, coll.&#8221;Seuil Anthropoc\u00e8ne&#8221;.<\/div>\n<\/div>\n<div tabindex=\"0\">\n<p><span data-contrast=\"auto\">Bonnet, E., Landivar, D., &amp; Monnin, A. (2021). <em>H\u00e9ritage et fermeture : une \u00e9cologie du d\u00e9mant\u00e8lement<\/em>. \u00c9ditions divergences.<\/span><\/p>\n<p>Buch-Hansen, H., &amp; Nesterova, I. (2023). Less and more: Conceptualising degrowth transformations. <i>Ecological Economics<\/i>, <i>205<\/i>, 107731.<\/p>\n<div class=\"gs_citr\" tabindex=\"0\">Hankammer, S., Kleer, R., M\u00fchl, L., &amp; Euler, J. (2021). Principles for organizations striving for sustainable degrowth: Framework development and application to four B Corps. <i>Journal of Cleaner Production<\/i>, <i>300<\/i>, 126818.<\/div>\n<div tabindex=\"0\">\u00a0<\/div>\n<\/div>\n<div tabindex=\"0\">Latouche, S. (2024). <i>La d\u00e9croissance<\/i>. Que Sais-Je.<\/div>\n<div tabindex=\"0\">\n<p>Nesterova, I., (2020). Degrowth business framework: implications for sustainable development. <em>J. Clean. Prod<\/em>. 262, 121382.<\/p>\n<p>Nesterova, I., (2021). Addressing the obscurity of change in values in degrowth business. <em>J. Clean. Prod<\/em>. 315, 128152.<\/p>\n<p>Nesterova, I., (2022). Business of deep transformations: how can geography contribute to understanding degrowth business? <em>Geography Sustain<\/em>. 3 (2), 105\u2013113. <a href=\"https:\/\/doi.org\/10.1016\/j.geosus.2022.03.004\" aria-label=\"Lien https:\/\/doi.\">https:\/\/doi.org\/10.1016\/j.geosus.2022.03.004<\/a>.<\/p>\n<p>Nesterova, I., (2022). Degrowth perspective for sustainability in built environments. <em>Encyclopedia<\/em> 2 (1), 466\u2013472<\/p>\n<\/div>\n<div class=\"gs_citr\" tabindex=\"0\">Parrique, T. (2025). Defining degrowth. <i>Working Paper<\/i>.<\/div>\n<p>Parrique T. (2025), <em>R\u00e9ponse \u00e0 Serge Latouche : L\u2019\u00e9trange cas du docteur d\u00e9croissance et de mister degrowth<\/em>. <a href=\"https:\/\/timotheeparrique.com\/reponse-a-serge-latouche-letrange-cas-du-docteur-decroissance-et-de-mister-degrowth\/\">Lien<\/a><\/p>\t\t\t\t\t\t\t\t<\/div>\n\t\t\t\t<\/div>\n\t\t\t\t<\/div>\n\t\t\t\t\t<\/div>\n\t\t\t\t<\/div>\n\t\t<div class=\"elementor-element elementor-element-f330fce e-flex e-con-boxed wpr-particle-no wpr-jarallax-no wpr-parallax-no wpr-sticky-section-no e-con e-parent\" data-id=\"f330fce\" data-element_type=\"container\" data-e-type=\"container\">\n\t\t\t\t\t<div class=\"e-con-inner\">\n\t\t<div class=\"elementor-element elementor-element-cd81715 e-con-full e-flex wpr-particle-no wpr-jarallax-no wpr-parallax-no wpr-sticky-section-no e-con e-child\" data-id=\"cd81715\" data-element_type=\"container\" data-e-type=\"container\">\n\t\t\t\t<div class=\"elementor-element elementor-element-100e2a7 elementor-widget elementor-widget-heading\" data-id=\"100e2a7\" data-element_type=\"widget\" data-e-type=\"widget\" data-widget_type=\"heading.default\">\n\t\t\t\t<div class=\"elementor-widget-container\">\n\t\t\t\t\t<h2 class=\"elementor-heading-title elementor-size-default\">Lien Web<\/h2>\t\t\t\t<\/div>\n\t\t\t\t<\/div>\n\t\t\t\t<\/div>\n\t\t<div class=\"elementor-element elementor-element-2d8a47b e-con-full e-flex wpr-particle-no wpr-jarallax-no wpr-parallax-no wpr-sticky-section-no e-con e-child\" data-id=\"2d8a47b\" data-element_type=\"container\" data-e-type=\"container\">\n\t\t\t\t<\/div>\n\t\t<div class=\"elementor-element elementor-element-e6a4293 e-con-full e-flex wpr-particle-no wpr-jarallax-no wpr-parallax-no wpr-sticky-section-no e-con e-child\" data-id=\"e6a4293\" data-element_type=\"container\" data-e-type=\"container\">\n\t\t\t\t<div class=\"elementor-element elementor-element-eaba498 elementor-widget elementor-widget-text-editor\" data-id=\"eaba498\" data-element_type=\"widget\" data-e-type=\"widget\" data-widget_type=\"text-editor.default\">\n\t\t\t\t<div class=\"elementor-widget-container\">\n\t\t\t\t\t\t\t\t\t<p>https:\/\/www.alliancepourlegieco.org\/gieco<\/p><p>\u00a0<\/p><p><blockquote class=\"wp-embedded-content\" data-secret=\"rNL15g5avr\"><a href=\"https:\/\/bonpote.com\/la-carte-des-pensees-ecologiques\/\">La carte des pens\u00e9es \u00e9cologiques<\/a><\/blockquote><iframe class=\"wp-embedded-content\" sandbox=\"allow-scripts\" security=\"restricted\" style=\"position: absolute; visibility: hidden;\" title=\"&#8220;La carte des pens\u00e9es \u00e9cologiques&#8221; &#8212; Bon Pote\" src=\"https:\/\/bonpote.com\/la-carte-des-pensees-ecologiques\/embed\/#?secret=NQdsYkozvt#?secret=rNL15g5avr\" data-secret=\"rNL15g5avr\" width=\"500\" height=\"282\" frameborder=\"0\" marginwidth=\"0\" marginheight=\"0\" scrolling=\"no\"><\/iframe><\/p><p><span data-ccp-props=\"{&quot;134233117&quot;:false,&quot;134233118&quot;:false,&quot;201341983&quot;:0,&quot;335559738&quot;:0,&quot;335559739&quot;:0,&quot;335559740&quot;:240}\">\u00a0<\/span><\/p>\t\t\t\t\t\t\t\t<\/div>\n\t\t\t\t<\/div>\n\t\t\t\t<\/div>\n\t\t\t\t\t<\/div>\n\t\t\t\t<\/div>\n\t\t\t\t<\/div>\n\t\t","protected":false},"excerpt":{"rendered":"<p>Articles et ouvrages \u00a0 Arturo, E. (2018). Sentir-penser avec la terre. L\u2019\u00e9cologie au-del\u00e0 de l\u2019Occident, Paris, \u00c9ditions du Seuil, coll.&#8221;Seuil Anthropoc\u00e8ne&#8221;. Bonnet, E., Landivar, D., &amp; Monnin, A. (2021). H\u00e9ritage et fermeture : une \u00e9cologie du d\u00e9mant\u00e8lement. \u00c9ditions divergences. Buch-Hansen, H., &amp; Nesterova, I. (2023). Less and more: Conceptualising degrowth transformations. Ecological Economics, 205, 107731. Hankammer, S., Kleer, R., M\u00fchl, L., &amp; Euler, J. (2021). Principles for organizations striving for sustainable degrowth: Framework development and application to four B Corps. Journal of Cleaner Production, 300, 126818. \u00a0 Latouche, S. (2024). La d\u00e9croissance. Que Sais-Je. Nesterova, I., (2020). Degrowth business framework: implications for sustainable development. J. Clean. Prod. 262, 121382. Nesterova, I., (2021). Addressing the obscurity of change in values in degrowth business. J. Clean. Prod. 315, 128152. Nesterova, I., (2022). Business of deep transformations: how can geography contribute to understanding degrowth business? Geography Sustain. 3 (2), 105\u2013113. https:\/\/doi.org\/10.1016\/j.geosus.2022.03.004. Nesterova, I., (2022). Degrowth perspective for sustainability in built environments. Encyclopedia 2 (1), 466\u2013472 Parrique, T. (2025). Defining degrowth. Working Paper. Parrique T. (2025), R\u00e9ponse \u00e0 Serge Latouche : L\u2019\u00e9trange cas du docteur d\u00e9croissance et de mister degrowth. Lien Lien Web https:\/\/www.alliancepourlegieco.org\/gieco \u00a0 La carte des pens\u00e9es \u00e9cologiques \u00a0<\/p>\n","protected":false},"author":1,"featured_media":0,"parent":0,"menu_order":0,"comment_status":"closed","ping_status":"closed","template":"","meta":{"footnotes":""},"class_list":["post-127","page","type-page","status-publish","hentry"],"_links":{"self":[{"href":"https:\/\/post-croissance.com\/index.php\/wp-json\/wp\/v2\/pages\/127","targetHints":{"allow":["GET"]}}],"collection":[{"href":"https:\/\/post-croissance.com\/index.php\/wp-json\/wp\/v2\/pages"}],"about":[{"href":"https:\/\/post-croissance.com\/index.php\/wp-json\/wp\/v2\/types\/page"}],"author":[{"embeddable":true,"href":"https:\/\/post-croissance.com\/index.php\/wp-json\/wp\/v2\/users\/1"}],"replies":[{"embeddable":true,"href":"https:\/\/post-croissance.com\/index.php\/wp-json\/wp\/v2\/comments?post=127"}],"version-history":[{"count":19,"href":"https:\/\/post-croissance.com\/index.php\/wp-json\/wp\/v2\/pages\/127\/revisions"}],"predecessor-version":[{"id":179,"href":"https:\/\/post-croissance.com\/index.php\/wp-json\/wp\/v2\/pages\/127\/revisions\/179"}],"wp:attachment":[{"href":"https:\/\/post-croissance.com\/index.php\/wp-json\/wp\/v2\/media?parent=127"}],"curies":[{"name":"wp","href":"https:\/\/api.w.org\/{rel}","templated":true}]}}